 + 5*y**2 + y + 3. Let s be x(5). Let w be j(s). Suppose -3*k + 19 = -w. Is k a multiple of 16?
True
Suppose -2 = -2*a - 2*l, 2*a + 6*l - 1 = 3*l. Is a even?
True
Suppose 0 = -b + 4 - 1. Suppose -3*i + b = 4*p, 2*p - 1 = -0*p - i. Suppose -140 = -4*t - 0*s - 2*s, 4*t + 4*s - 144 = p. Does 13 divide t?
False
Suppose 2*v + 3*v = 25. Suppose -3*f = -3*h + 64 + 8, h - v*f = 32. Is 7 a factor of h?
False
Let f = 3 + -6. Let a(b) = 3*b**2 - 4. Is 23 a factor of a(f)?
True
Suppose -4*x + 160 = 2*s + 3*s, 0 = s - 5*x - 3. Suppose 0*b = 5*b - 20, 5*y + 5*b - 250 = 0. Let f = y - s. Is 18 a factor of f?
True
Let b = 25 - -3. Is 14 a factor of b?
True
Let a(k) = k**2 + 5*k + 3. Let l be a(-3). Is 12 a factor of (l - -1 - -1) + 30?
False
Let l = -6 - -17. Is l a multiple of 3?
False
Let d(v) = 9*v + 2. Is 21 a factor of d(4)?
False
Let x(z) = -z**3 + 9*z**2 + z + 9. Does 12 divide x(8)?
False
Is 13 a factor of (-3 + 1)*(-39)/6?
True
Suppose -2*o = 3*w + 214, 5*w - o + 357 = -4*o. Is (-1 - 0)*w/3 a multiple of 9?
False
Suppose 3*i - 32 = -i. Is 8 a factor of i?
True
Let n = -4 + -1. Let h(m) = -8*m - 3. Does 11 divide h(n)?
False
Let w = 18 - 13. Suppose 0 = 3*o + 4*t, o = w*o - 3*t. Does 13 divide 37 + (o - -4)/2?
True
Let k(m) = m - 2. Let p be k(4). Suppose 5*i = -p*l + 39, 4*i - 2*l - 2*l - 20 = 0. Suppose -i*r + 2*r + 25 = 0. Is r a multiple of 4?
False
Suppose b - 60 = 2*b + 2*s, b = -5*s - 75. Let w = b - -82. Does 17 divide w?
False
Suppose -z + 29 = 3*w + 10, 3*z + 3*w - 27 = 0. Let a = 40 + z. Let c = a - 28. Does 6 divide c?
False
Let p(a) = 8*a. Is p(15) a multiple of 10?
True
Let y(j) = 379*j**2 + j. Is y(1) a multiple of 31?
False
Let y = 14 + 4. Is 11 a factor of (-28)/6*y/(-4)?
False
Let y(o) = -o**2 - 14*o - 5. Let k be y(-10). Suppose -3*w - k = 64. Does 12 divide 6*4/((-24)/w)?
False
Let b(t) = -t**3 - 8*t**2 - 6*t + 4. Let w be b(-7). Let v be 1*(-4 - -1 - w). Suppose v*s + 3*s - 60 = 0. Is 10 a factor of s?
True
Let g(i) = -2*i + 6. Let j be g(7). Let d = j - 10. Let y = -9 - d. Is y a multiple of 8?
False
Suppose 3*v = -c - 6, 5*c - 4*v + 2 + 9 = 0. Is 13 a factor of c/1 + (22 - -7)?
True
Let m(f) = 18*f - 6. Is m(5) a multiple of 28?
True
Let r = 2 - -3. Suppose 0 = -3*w + 3*k + 36, -2*w + w = -r*k - 32. Let c = w - 2. Is 2 a factor of c?
False
Suppose 0 = 3*q + 2*x - 23, 0 = -3*q - 0*x + 5*x + 16. Suppose q = b - 11. Is 11 a factor of b?
False
Let l = 15 - 9. Suppose -3*u = -6*u + l. Suppose -4*p = -u*y + 35 - 5, 5*y + 5*p - 105 = 0. Is 19 a factor of y?
True
Let b = 67 + -37. Suppose x - 5 = -b. Let a = -18 - x. Does 3 divide a?
False
Let x(t) = -2*t**3 - 6*t**2 + 4. Is 11 a factor of x(-5)?
False
Let n(g) = -g**3 + 11*g**2 + 5*g. Is 25 a factor of n(11)?
False
Is 9 a factor of (-290)/(-4) - 21/42?
True
Suppose 0 = 4*u - 2*q - 10, 3 - 2 = -2*u - 5*q. Suppose -j = -u*d - 3, 8*j - 5*d = 3*j. Is 11 a factor of 22/(-4)*6/j?
True
Suppose 3*g + 0 = -21. Is (-2)/1 - 336/g a multiple of 11?
False
Let x(g) be the first derivative of 1 - 6*g - 2*g**2 + 7/3*g**3 + 1/4*g**4. Does 21 divide x(-7)?
False
Let w(i) = 3*i**2 - 5. Let g be w(-4). Suppose -14 = -3*t + g. Does 6 divide t?
False
Let b(f) = -4*f + 7. Let n(s) = -7*s + 14. Let j(z) = 5*b(z) - 3*n(z). Let r be j(6). Let u = r - -13. Does 4 divide u?
True
Suppose 2*o = -4*b - 0*b + 2, 5*b - 3 = -3*o. Is 4 a factor of -1*(o - 0 - 9)?
True
Let q be -2 + 1/1 + -2. Let i(u) = -u**3 + 2*u**2 - u. Is 7 a factor of i(q)?
False
Let n(r) be the third derivative of r**4/4 - 4*r**3/3 - 3*r**2. Is n(8) a multiple of 13?
False
Suppose 3*o + 44 = o. Let h = 64 + o. Is h a multiple of 21?
True
Suppose 5*b - 5*d = -25, 2*b + 6*d = 2*d - 40. Is (b/(-15))/((-2)/(-66)) a multiple of 13?
False
Suppose -2*f = -5*t - 0*t + 31, 5*f = t - 20. Suppose 3*s + c + 19 = 0, -t*s + 3*c = -2*c + 65. Let b = 0 - s. Does 4 divide b?
True
Let m(w) = 6*w - 1. Let x be m(1). Suppose x*i - 10 = 3*i. Is i a multiple of 5?
True
Suppose 4*u - 33 = -161. Let p be (u/20)/((-2)/(-10)). Let m(n) = -5*n + 7. Is m(p) a multiple of 18?
False
Let y = 19 + -15. Suppose 0*z - 30 = -5*z. Suppose 2*o - y = z. Does 2 divide o?
False
Let c = 3 - 0. Suppose -2*s - 62 = -2*y, -c*s + 4 = -2. Is 11 a factor of y?
True
Let t = 6 - -3. Suppose 4*b - 4*o = 33 - t, 3*b - 6 = -o. Suppose -b*p + 36 - 3 = 3*y, 0 = 5*p - y - 37. Is 8 a factor of p?
True
Let x(s) = 9*s**2 + 7*s - 28. Does 16 divide x(4)?
True
Suppose -20 = -2*s - 4*l, 0 = s - 3*l + 2*l - 22. Is s a multiple of 3?
True
Let g(v) = 2*v**2 + 4*v - 1. Let h be g(4). Suppose -3*n = -37 - h. Suppose 0 = 5*w - 3*w - n. Is w a multiple of 8?
False
Is 49 a factor of (1/(-1))/((-6)/744)?
False
Let a(x) = -x**3 + 5*x**2 - 5*x + 4. Let l be a(4). Suppose j = -l*j + 15. Does 5 divide j?
True
Let x = -13 + 21. Let p = -4 + x. Suppose p*m + z = 3*m + 23, 2*z = 4. Is 7 a factor of m?
True
Let i(z) = z**3 + 6*z**2 + 3*z - 6. Let y be i(-5). Let w(v) = v**2 + v + 1. Let l be w(-2). Is l - -4*y/1 a multiple of 19?
True
Suppose 3*b + 0*b + 99 = -3*i, 3*i = 4*b - 113. Suppose -5*r = -2 - 8, 3*n + 28 = -4*r. Let d = n - i. Is 18 a factor of d?
False
Let n(u) be the third derivative of -u**5/60 - 3*u**4/8 + 13*u**3/6 - 4*u**2. Is n(-8) a multiple of 21?
True
Let h = -33 - -27. Does 10 divide 2/h + (-244)/(-12)?
True
Is 30 - 2/4*-6 a multiple of 15?
False
Suppose 5*h = 2*i - 44, -2*h + 8 + 0 = 0. Is i a multiple of 24?
False
Let l(x) = x**2. Let p be l(0). Suppose -75 = -p*d - 5*d. Does 12 divide d?
False
Suppose -2*g - 2 + 0 = 0. Let r = 5 + g. Suppose 5*l + 6 = -2*k, -l + 2*l = -r. Is 5 a factor of k?
False
Is 1*125/10*4 a multiple of 17?
False
Let a(x) = x**2 - 2*x + 160. Does 17 divide a(0)?
False
Suppose 0 = -4*l - 25 + 1. Let v(o) = -8*o - 9. Let z be v(l). Suppose 0 = r - 4*k - 3 - z, -2*r + k + 56 = 0. Does 13 divide r?
True
Let c = -11 - -15. Let i be (-2 - c/(-1)) + -2. Suppose 0 = d - i*d - 28. Is 14 a factor of d?
True
Does 35 divide (((-105)/(-9))/5)/((-2)/(-90))?
True
Suppose -o = 4, -d - o + 31 + 7 = 0. Let q be (d/4)/(2/(-4)). Let c = q - -38. Does 17 divide c?
True
Is 6 a factor of -8 - (-5 - -1) - -40?
True
Let w = 23 + -19. Suppose -119 = -3*o - w*y, 4*y - 29 + 9 = 0. Is 9 a factor of o?
False
Let c(d) = 5*d**2 + 11*d + 1. Does 13 divide c(-7)?
True
Suppose -2*i + 272 = 6*i. Is i a multiple of 34?
True
Let u(q) be the third derivative of -q**6/120 + q**5/12 + 5*q**4/24 - 3*q**3/2 + 2*q**2. Let d be u(6). Is 4 a factor of ((-12)/(-9))/((-2)/d)?
False
Let u(j) = 23*j + 3. Is 11 a factor of u(6)?
False
Is 2 a factor of 612/22 - 20/(-110)?
True
Let c(q) = -q**3 + 10*q**2 + 2*q - 6. Is c(10) a multiple of 3?
False
Let g(v) = 207*v + 2. Is 33 a factor of g(1)?
False
Let n(y) = 4*y + 4. Let v be n(5). Suppose 18 + v = 5*r + q, -4*q = -8. Let a = r + -6. Is a a multiple of 2?
True
Suppose d - 15 = -2*d + 3*t, -8 = -4*d - 2*t. Is d even?
False
Let c(k) be the third derivative of -k**4/24 - k**3/6 - 2*k**2. Let d be c(-3). Is 1/(0 - d/(-20)) a multiple of 4?
False
Let s = -3 + 1. Let r(v) = 3 - 4 - 4*v**2 + 7*v**2. Is r(s) a multiple of 7?
False
Let x be (-1)/1*5*-2. Let p = 18 - x. Does 6 divide p?
False
Suppose 5*x = -m + 61, 3 = -5*x + 4*x - 4*m. Is 6 a factor of x?
False
Let i be 5/(5/62) - -1. Let t = -41 + i. Is 11 a factor of t?
True
Is (-369)/(-15) - 4/(-10) a multiple of 6?
False
Let p be 6*2*(-2)/12. Is (p - -32)*(-12)/(-5) a multiple of 24?
True
Let b = 12 + -3. Let i(l) = l**2 - 7*l + 6. Is 8 a factor of i(b)?
True
Suppose 0 = -3*f + 11 + 7. Let i be 3/(-18) + 31/f. Let u = 12 - i. Is 7 a factor of u?
True
Suppose 2*a - 3*a = 0. Let t(q) = -3*q - 12. Let y(c) = 2*c + 11. Let h(o) = 3*t(o) + 4*y(o). Is 4 a factor of h(a)?
True
Suppose -3*k = -5*k - 10. Does 2 divide (-2)/(-10) - 29/k?
True
Does 13 divide (543/12)/(28/(-16) - -2)?
False
Suppose -210 = -27*y + 26*y. Does 42 divide y?
True
Let o(i) = i**2 - 5*i - 8. Let w be o(6). Is 3 a factor of w*((-7)/2 + 1)?
False
Does 12 divide 26/(-1 - -2) + -3?
False
Let x(g) = -g**2 - g + 21. Suppose -3*d + 11 = -4*h - 1, 0 = -2*d + 5*h + 15. Does 21 divide x(d)?
True
Is 2 a factor of (-2)/8 + (-87)/(-12)?
False
Let w = -5 + 1. Let u = -17 - w. Let z = 20 + u. Is 7 a factor of z?
True
Suppose 5*y - 16 = 39. Suppose -5*i = 5*o + 14 + y, o - 9 = i. Let